m*o(p) + 4*s(p). What is the tens digit of v(-4)?
1
Suppose 393 + 60 = 2*x + 5*w, x + 4*w - 222 = 0. What is the hundreds digit of x?
2
Let q be (18/(-15))/((-8)/20). Suppose 0 = 4*u + 5*m - 42, q*u - 23 = m - 1. What is the units digit of u?
8
Let x(z) = -2*z - 9. Let j(a) = a + 9. Let f(l) = 3*j(l) + 2*x(l). What is the units digit of f(4)?
5
Suppose 0 = -5*k + 3*k - 8. Let w be (2/k)/(6/(-36)). Suppose n - 8 = -w*n. What is the units digit of n?
2
Let n(b) = 10*b**2 - 4*b + 7. What is the tens digit of n(2)?
3
Let n = -4 + 6. Suppose -7*j + n*j + 40 = 0. What is the units digit of -4*10/j*-2?
0
Suppose -8*r + 5*r + 42 = 0. Suppose -6 = -5*x + r. What is the units digit of x?
4
Let v(f) = f + 4. Let r be (-3)/3*-1*2. Let o be r*3/2 - 3. What is the units digit of v(o)?
4
Let u = 19 - 7. Suppose 4 = -4*i + u. Let d(n) = n**3 + n**2 - 3*n + 2. What is the units digit of d(i)?
8
Let u(p) = p**3 - 6*p**2 + 6. Let i(x) = x**2 + 14*x + 12. Let m be i(-10). Let r be (-160)/m + (-4)/(-14). What is the units digit of u(r)?
6
Let s(y) = y**2 + 3. Let b(k) = k - 5. Let u be b(6). Suppose 4*l + u = -x, 0 = -l + x - 1 + 2. What is the units digit of s(l)?
3
Suppose 2*u - 1120 = -12*u. What is the units digit of u?
0
What is the tens digit of (-882)/(-21) + 0/1?
4
Suppose -3*l + 4*l = 3*s + 14, 0 = -2*l + 5*s + 25. Suppose -c + 10 = z, 3*z - z - c - l = 0. What is the units digit of z?
5
Let b(r) = 6*r**2 + r. Let m be b(1). Let t = m + 2. What is the units digit of t?
9
What is the units digit of (-13)/(-1 + 0/2)?
3
Suppose -3*d + 2*w = 20, 3*d + 16 = 3*w - 2. Let i be (-3 + -1)*(-10)/(-8). Let f = i - d. What is the units digit of f?
3
Let k(o) = 2*o**2 + 11*o - 4. Let g be k(-8). Let u = g + -8. What is the tens digit of u?
2
Let h(l) = -l**2 + 36*l + 85. What is the tens digit of h(29)?
8
Suppose 0 = -0*c - 4*c - 24. Let d be (16/c)/(4/36). What is the units digit of (-8)/d*84/2?
4
Suppose 3*q - 6 + 0 = 4*r, -q + 2 = 3*r. What is the units digit of q?
2
Let o be (2 + (-1)/(-1))/1. Suppose -4 = -o*s - 94. Let q = -9 - s. What is the tens digit of q?
2
Let u be 0/(-3) - (0 - 34). Let o(g) = g**2 - 6*g - 11. Let f be o(8). Suppose -36 = -f*v + u. What is the units digit of v?
4
Let d be (-3)/6 + 156/(-8). What is the units digit of ((-72)/d)/(1/5)?
8
Suppose 0 = 5*a - 0*a. Suppose 4*f - 5*m - 1 = 8, 1 = -m. Let w = f - a. What is the units digit of w?
1
Let r(a) = -6*a - 1. Let m(c) = -c**3 + 10*c**2 - 10*c + 11. Let q be m(9). Suppose 0 = -q*b + 4*x - 8, 2*b - x = 2*x - 7. What is the tens digit of r(b)?
1
What is the units digit of (-4)/18 + (-76)/(-18)?
4
Suppose 0 = -8*s + 3*s + 40. Suppose -s = -m + 3. Suppose -5*r - g + 0*g + 67 = 0, r - g - m = 0. What is the units digit of r?
3
Suppose 12 = 2*v + 2. Suppose 0 = v*d - 10*d. What is the units digit of 11 + -3 + d + 1?
9
Let w be ((-2)/(-5))/(4/100). Suppose 3*j - j - w = 0. What is the tens digit of j/(-30) - 242/(-12)?
2
Suppose 11 - 1 = 2*u. Suppose q + 2*q - 3 = 0. Suppose -2*k = -u - q. What is the units digit of k?
3
Let d be (2/3)/(6/27). Suppose 6 = d*p + 3. Suppose 8 = 3*k - p. What is the units digit of k?
3
Let n(v) = 2*v**2 - 1. Let u(b) = b - 8. Let o be u(6). Let k(r) = 4*r**2 + r - 3. Let a(d) = o*k(d) + 5*n(d). What is the units digit of a(1)?
1
Suppose 99 = v - 5*g - 0, 0 = v - g - 119. Suppose -6*q = -2*q - v. What is the units digit of q?
1
Suppose 0 = -2*k - 2*y + 20, -k = -5*k - y + 55. Let o = k + -5. What is the tens digit of o?
1
Let j(f) = 7*f**3 + f**2. Let a be j(1). Suppose 2*k - a - 4 = 0. What is the units digit of k?
6
Let v be 9*((-14)/(-6) - 2). Suppose -3*x + v*h = -3, -h = 2*x + 2*h - 22. What is the units digit of x?
5
Let j be -3*(3 - 2)/(-1). Suppose -18 - 15 = -3*b + j*d, 36 = 4*b + 4*d. What is the units digit of b?
0
Let u = 130 + -93. What is the units digit of u?
7
Let s(n) = 11*n**2 + 1 + 2*n - 4*n - 10*n**2 + 0*n. Let x be ((-12)/(-9))/(2/3). What is the units digit of s(x)?
1
What is the tens digit of ((-136)/6)/((-2)/3)?
3
What is the hundreds digit of ((-616)/10 + 2)*(-5)/1?
2
Suppose l - 4*i = 15, -l + 13 = 2*l - 4*i. Let w be (l - 1)/((-4)/6). Suppose 2*k + 51 = w*j, -4*k - 31 = -4*j + 33. What is the tens digit of j?
1
Suppose -4*w = 5*y + 68, w = -3*w + 3*y - 68. Let n be (1 - 2) + 32 + 2. Let b = n + w. What is the tens digit of b?
1
Suppose 2*n - 26 = 2*h, -5*h = n + 1 + 4. Let j = 20 + n. Suppose 0*d + 3*d = j. What is the units digit of d?
0
Let w be ((-88)/33)/((-4)/(-6)). What is the tens digit of (w + 2)/(3/(-84))?
5
Suppose -t = 3*r - 33, -4*r - 64 = -5*t + 25. Let c = 30 - t. What is the units digit of c?
9
Let i be 1*(3 + 1 + -3). Suppose 0 = f - i - 4. What is the units digit of f?
5
Suppose 8*g = 2*g + 204. What is the tens digit of g?
3
Let n = 10 - 8. Suppose 2*i = 4*i - n. Suppose -4*x + 4*w + 56 = 0, -2*x + w + 26 = i. What is the tens digit of x?
1
Suppose -n - 2*l + 164 = -17, 4*n - 3*l = 768. What is the units digit of n?
9
Suppose 0 = -4*h - 4*w + 916, -2*h + w = h - 679. What is the hundreds digit of h?
2
Suppose 0 = y + 3*y - 188. What is the tens digit of y?
4
Suppose -3*b + 66 = 195. Let p = -26 - b. What is the tens digit of p?
1
Let i(w) be the first derivative of -w**3/3 - 11*w**2/2 - 12*w - 4. Let r be i(-9). Suppose 0 = -4*n + 2 + r. What is the units digit of n?
2
Suppose -3*t - 2*v - 9 = -4*v, 0 = 2*t + 2*v - 4. Let n = t - 0. Let p = n - -6. What is the units digit of p?
5
Let w be 1 + (-1)/3*-3. Let z(y) = 3*y + 0*y**2 + y**w - y + 1. What is the units digit of z(-3)?
4
Let u = -5 + 23. What is the units digit of u?
8
Let v(m) = m**3 + 15*m**2 - 13*m + 80. What is the hundreds digit of v(-15)?
2
Suppose 0 = -4*j - 4*m + 160, j - 10 - 45 = 2*m. Let q = j + -26. What is the units digit of q?
9
Suppose -2*p + 65 = -135. What is the tens digit of p?
0
Let v(f) = f**3 + 5*f**2 - 5*f - 3. Let c(u) = u**3 - u - 5. Let j be c(0). What is the tens digit of v(j)?
2
Suppose -2*h - 66 = -3*z - 0*h, 5*h = -4*z + 88. What is the tens digit of z?
2
Let z(i) be the second derivative of 2*i - 1/6*i**3 + 0 + 3/4*i**4 + 0*i**2. What is the units digit of z(1)?
8
Suppose -2*d = 4*m - d - 164, 4*d = -m + 56. What is the units digit of m?
0
Let b be 132/10 - (-4)/(-20). Let y(c) = -c**2 + 17*c - 10. What is the tens digit of y(b)?
4
What is the units digit of ((-1)/(-5))/((-6)/(-1470))?
9
Let w = 11 - 8. Suppose -w*s + 24 = -s. What is the units digit of 18/8 + (-3)/s?
2
Let r be (-3)/24 - 252/32. What is the units digit of r/(-12)*(-138)/(-4)?
3
Suppose -3*g = -2*n - 23, -4*g + 3*n + 7 = -2*g. Let r = g - 8. What is the units digit of r?
3
Let t(j) be the first derivative of -7*j**2/2 - 3*j - 1. What is the tens digit of t(-2)?
1
Suppose 5*w = p - 23, 4*p - 2*w = -0*p + 56. Suppose -3*y - p - 4 = 4*t, y - 21 = 4*t. What is the units digit of y?
1
Let r(n) = -n**2 + 2*n + 1. Let s be r(2). What is the units digit of 6 - (0 - 1)/s?
7
Suppose -15 = -5*i, 0 = -z - i + 4 - 1. Let d = 17 + z. What is the tens digit of d?
1
Let s = 55 + -30. Suppose -d + 17 + s = 0. What is the units digit of d?
2
Let y = -67 + 218. What is the units digit of y?
1
Let n be 34/9 - 2/(-9). Suppose -n*u + u = -36. What is the units digit of u?
2
Let n(a) = -a**2 + 12*a + 11. What is the units digit of n(11)?
2
Let r(c) = 7 - c**3 - 10 + 9 - 5*c + 6*c**2. What is the units digit of r(5)?
6
Suppose 0 = -5*s + 5 - 0. What is the units digit of s?
1
Suppose 0 = -3*j - r + 21, -r + 1 = 2*j + 4*r. Let y = 7 - 5. Suppose 4*a + 3*t = 14 + j, 0 = 2*a - y*t - 18. What is the units digit of a?
7
Suppose 4*p + 15 = -3*o, -2*p = -o + 2*o + 5. Suppose p = g + 2 - 4. Suppose 0*t + 5*n - 42 = -3*t, -t + 15 = g*n. What is the units digit of t?
9
Let s(j) = -j**3 + 6*j**2 - 3. Let m be s(5). Let f = m - 10. What is the tens digit of f?
1
Let m = 3 + -3. Let l be (-3)/(-6)*(2 - m). What is the units digit of (2 + 5/1)*l?
7
Let s = 61 - 40. Suppose 0*p = 3*p - s. What is the units digit of p?
7
Let s(g) = 15 - 2*g + 5 - 6. What is the units digit of s(-10)?
4
Let o(a) = -a**2 - 15*a - 10. What is the tens digit of o(-7)?
4
Suppose 2*d = i - 2*i - 18, -34 = 3*i - 4*d. Let r be i/21 - 34/(-6). Suppose -3*g = -4*g + r. What is the units digit of g?
5
Suppose y = -5*t + 89, -3*t + 